{"id":25619,"date":"2026-05-08T09:49:35","date_gmt":"2026-05-08T07:49:35","guid":{"rendered":"https:\/\/www.phelippotyves.fr\/site\/?page_id=25619"},"modified":"2026-05-09T09:08:56","modified_gmt":"2026-05-09T07:08:56","slug":"creations","status":"publish","type":"page","link":"https:\/\/www.phelippotyves.fr\/site\/creations","title":{"rendered":"Cr\u00e9ations"},"content":{"rendered":"<p><style type=\"text\/css\">\n#foogallery-gallery-25600 { --fg-column-max-width: 150px; }\n#foogallery-gallery-25600 { --fg-gutter: 10px; }<\/style>\n\t\t\t<div class=\"foogallery foogallery-container foogallery-default foogallery-lightbox-none fg-left fg-m-col2 fg-d-col4 fg-default fg-ready fg-light fg-round-small fg-loading-default fg-hover-grayscale fg-caption-hover fg-hover-instant fg-hover-zoom fg-transparent-overlays\" id=\"foogallery-gallery-25600\" data-foogallery=\"{&quot;item&quot;:{&quot;showCaptionTitle&quot;:false,&quot;showCaptionDescription&quot;:false},&quot;lazy&quot;:false,&quot;src&quot;:&quot;src&quot;,&quot;srcset&quot;:&quot;srcset&quot;}\" style=\"--fg-title-line-clamp: 0; --fg-description-line-clamp: 0;\" >\n\t<div class=\"fg-item fg-type-iframe fg-loaded\"><figure class=\"fg-item-inner\"><a href=\"https:\/\/www.phelippotyves.fr\/site\/compressions-extensions\" data-attachment-id=\"25602\" data-type=\"iframe\" class=\"fg-thumb\"><span class=\"fg-image-wrap\"><img decoding=\"async\" src=\"https:\/\/www.phelippotyves.fr\/site\/wp-content\/uploads\/cache\/compressions-extensions-1\/2544743680.jpg\" width=\"150\" height=\"143\" class=\"skip-lazy fg-image\" loading=\"eager\"><\/span><span class=\"fg-image-overlay\"><\/span><\/a><\/figure><div class=\"fg-loader\"><\/div><\/div><div class=\"fg-item fg-type-iframe fg-loaded\"><figure class=\"fg-item-inner\"><a href=\"https:\/\/www.phelippotyves.fr\/site\/concentrations\" data-attachment-id=\"25603\" data-type=\"iframe\" class=\"fg-thumb\"><span class=\"fg-image-wrap\"><img decoding=\"async\" src=\"https:\/\/www.phelippotyves.fr\/site\/wp-content\/uploads\/cache\/concentrations-1\/293835658.jpg\" width=\"150\" height=\"143\" class=\"skip-lazy fg-image\" loading=\"eager\"><\/span><span class=\"fg-image-overlay\"><\/span><\/a><\/figure><div class=\"fg-loader\"><\/div><\/div><div class=\"fg-item fg-type-iframe fg-loaded\"><figure class=\"fg-item-inner\"><a href=\"https:\/\/www.phelippotyves.fr\/site\/en-resonances\" data-attachment-id=\"25606\" data-type=\"iframe\" class=\"fg-thumb\"><span class=\"fg-image-wrap\"><img decoding=\"async\" src=\"https:\/\/www.phelippotyves.fr\/site\/wp-content\/uploads\/cache\/resonances-1\/1574042066.jpg\" width=\"150\" height=\"143\" class=\"skip-lazy fg-image\" loading=\"eager\"><\/span><span class=\"fg-image-overlay\"><\/span><\/a><\/figure><div class=\"fg-loader\"><\/div><\/div><div class=\"fg-item fg-type-iframe fg-loaded\"><figure class=\"fg-item-inner\"><a href=\"https:\/\/www.phelippotyves.fr\/site\/fictions\" data-attachment-id=\"25604\" data-type=\"iframe\" class=\"fg-thumb\"><span class=\"fg-image-wrap\"><img decoding=\"async\" src=\"https:\/\/www.phelippotyves.fr\/site\/wp-content\/uploads\/cache\/Fictions-2017-2018-150x143-1\/1790333479.jpg\" width=\"150\" height=\"143\" class=\"skip-lazy fg-image\" loading=\"eager\"><\/span><span class=\"fg-image-overlay\"><\/span><\/a><\/figure><div class=\"fg-loader\"><\/div><\/div><div class=\"fg-item fg-type-iframe fg-loaded\"><figure class=\"fg-item-inner\"><a href=\"https:\/\/www.phelippotyves.fr\/site\/archanges-combattants\" data-attachment-id=\"25601\" data-type=\"iframe\" class=\"fg-thumb\"><span class=\"fg-image-wrap\"><img decoding=\"async\" src=\"https:\/\/www.phelippotyves.fr\/site\/wp-content\/uploads\/cache\/archanges\/3141802190.jpg\" width=\"150\" height=\"143\" class=\"skip-lazy fg-image\" loading=\"eager\"><\/span><span class=\"fg-image-overlay\"><\/span><\/a><\/figure><div class=\"fg-loader\"><\/div><\/div><div class=\"fg-item fg-type-iframe fg-loaded\"><figure class=\"fg-item-inner\"><a href=\"https:\/\/www.phelippotyves.fr\/site\/le-sud\" data-attachment-id=\"25607\" data-type=\"iframe\" class=\"fg-thumb\"><span class=\"fg-image-wrap\"><img decoding=\"async\" src=\"https:\/\/www.phelippotyves.fr\/site\/wp-content\/uploads\/cache\/vignette-LE-SUD\/3803765773.jpg\" width=\"150\" height=\"143\" class=\"skip-lazy fg-image\" loading=\"eager\"><\/span><span class=\"fg-image-overlay\"><\/span><\/a><\/figure><div class=\"fg-loader\"><\/div><\/div><div class=\"fg-item fg-type-iframe fg-loaded\"><figure class=\"fg-item-inner\"><a href=\"https:\/\/www.phelippotyves.fr\/2009\/Aventureduregard\/aventurederegard.htm\" data-attachment-id=\"25612\" data-type=\"iframe\" class=\"fg-thumb\"><span class=\"fg-image-wrap\"><img decoding=\"async\" src=\"https:\/\/www.phelippotyves.fr\/site\/wp-content\/uploads\/cache\/avenregard\/202388180.jpg\" width=\"150\" height=\"143\" class=\"skip-lazy fg-image\" loading=\"eager\"><\/span><span class=\"fg-image-overlay\"><\/span><\/a><\/figure><div class=\"fg-loader\"><\/div><\/div><div class=\"fg-item fg-type-iframe fg-loaded\"><figure class=\"fg-item-inner\"><a href=\"https:\/\/www.phelippotyves.fr\/pagestraindenuit\/train\/train.html\" data-attachment-id=\"25616\" data-type=\"iframe\" class=\"fg-thumb\"><span class=\"fg-image-wrap\"><img decoding=\"async\" src=\"https:\/\/www.phelippotyves.fr\/site\/wp-content\/uploads\/cache\/train\/1140143869.jpg\" width=\"150\" height=\"143\" class=\"skip-lazy fg-image\" loading=\"eager\"><\/span><span class=\"fg-image-overlay\"><\/span><\/a><\/figure><div class=\"fg-loader\"><\/div><\/div><div class=\"fg-item fg-type-iframe fg-loaded\"><figure class=\"fg-item-inner\"><a href=\"https:\/\/www.phelippotyves.fr\/pagesrondspoints\/rondspoints.html\" data-attachment-id=\"25615\" data-type=\"iframe\" class=\"fg-thumb\"><span class=\"fg-image-wrap\"><img decoding=\"async\" src=\"https:\/\/www.phelippotyves.fr\/site\/wp-content\/uploads\/cache\/rdp\/447937998.jpg\" width=\"150\" height=\"143\" class=\"skip-lazy fg-image\" loading=\"eager\"><\/span><span class=\"fg-image-overlay\"><\/span><\/a><\/figure><div class=\"fg-loader\"><\/div><\/div><div class=\"fg-item fg-type-image fg-loaded\"><figure class=\"fg-item-inner\"><a href=\"https:\/\/www.phelippotyves.fr\/site\/wp-content\/uploads\/ouest.jpg\" data-attachment-id=\"25614\" data-type=\"image\" class=\"fg-thumb\" data-rel=\"lightbox-image-0\" data-rl_title=\"\" data-rl_caption=\"\" title=\"\"><span class=\"fg-image-wrap\"><img decoding=\"async\" src=\"https:\/\/www.phelippotyves.fr\/site\/wp-content\/uploads\/cache\/ouest\/4035031922.jpg\" width=\"150\" height=\"143\" class=\"skip-lazy fg-image\" loading=\"eager\"><\/span><span class=\"fg-image-overlay\"><\/span><\/a><\/figure><div class=\"fg-loader\"><\/div><\/div><div class=\"fg-item fg-type-iframe fg-loaded\"><figure class=\"fg-item-inner\"><a href=\"https:\/\/www.phelippotyves.fr\/photos\/jonctions\/index.htm\" data-attachment-id=\"25613\" data-type=\"iframe\" class=\"fg-thumb\"><span class=\"fg-image-wrap\"><img decoding=\"async\" src=\"https:\/\/www.phelippotyves.fr\/site\/wp-content\/uploads\/cache\/jonctions\/2566031180.jpg\" width=\"150\" height=\"143\" class=\"skip-lazy fg-image\" loading=\"eager\"><\/span><span class=\"fg-image-overlay\"><\/span><\/a><\/figure><div class=\"fg-loader\"><\/div><\/div><\/div>\n<br \/>\n&nbsp;<br \/>\n<style type=\"text\/css\">\n#foogallery-gallery-25631 { --fg-column-max-width: 200px; }\n#foogallery-gallery-25631 { --fg-gutter: 10px; }<\/style>\n\t\t\t<div class=\"foogallery foogallery-container foogallery-default foogallery-lightbox-none fg-left fg-d-col1 fg-default fg-ready fg-light fg-round-small fg-loading-default\" id=\"foogallery-gallery-25631\" data-foogallery=\"{&quot;item&quot;:{&quot;showCaptionTitle&quot;:false,&quot;showCaptionDescription&quot;:false},&quot;lazy&quot;:false,&quot;src&quot;:&quot;src&quot;,&quot;srcset&quot;:&quot;srcset&quot;}\" style=\"--fg-title-line-clamp: 0; --fg-description-line-clamp: 0;\" >\n\t<div class=\"fg-item fg-type-image fg-loaded\"><figure class=\"fg-item-inner\"><a href=\"https:\/\/www.phelippotyves.fr\/site\/wp-content\/uploads\/images_en_expansion-1.jpg\" target=\"_blank\" data-attachment-id=\"25632\" data-type=\"image\" class=\"fg-thumb\" data-rel=\"lightbox-image-1\" data-rl_title=\"\" data-rl_caption=\"\" title=\"\"><span class=\"fg-image-wrap\"><img decoding=\"async\" src=\"https:\/\/www.phelippotyves.fr\/site\/wp-content\/uploads\/cache\/images_en_expansion-1\/619209481.jpg\" width=\"200\" height=\"95\" class=\"skip-lazy fg-image\" loading=\"eager\"><\/span><span class=\"fg-image-overlay\"><\/span><\/a><\/figure><div class=\"fg-loader\"><\/div><\/div><\/div>\n<br \/>\n&nbsp;<br \/>\n<strong>Civilisation<\/strong><br \/>\n<style type=\"text\/css\">\n#foogallery-gallery-25626 { --fg-column-max-width: 150px; }\n#foogallery-gallery-25626 { --fg-gutter: 10px; }<\/style>\n\t\t\t<div class=\"foogallery foogallery-container foogallery-default foogallery-lightbox-none fg-left fg-m-col2 fg-d-col4 fg-default fg-ready fg-light fg-round-small fg-loading-default fg-preset fg-brad fg-preset-small fg-preset fg-brad fg-preset-small\" id=\"foogallery-gallery-25626\" data-foogallery=\"{&quot;item&quot;:{&quot;showCaptionTitle&quot;:false,&quot;showCaptionDescription&quot;:false},&quot;lazy&quot;:false,&quot;src&quot;:&quot;src&quot;,&quot;srcset&quot;:&quot;srcset&quot;}\" style=\"--fg-title-line-clamp: 0; --fg-description-line-clamp: 0;\" >\n\t<div class=\"fg-item fg-type-iframe fg-loaded\"><figure class=\"fg-item-inner\"><a href=\"https:\/\/www.phelippotyves.fr\/2010\/civilisationmuraille.html\" target=\"_blank\" data-attachment-id=\"25621\" data-type=\"iframe\" class=\"fg-thumb\"><span class=\"fg-image-wrap\"><img decoding=\"async\" src=\"https:\/\/www.phelippotyves.fr\/site\/wp-content\/uploads\/cache\/07-2\/292193402.jpg\" width=\"150\" height=\"143\" class=\"skip-lazy fg-image\" loading=\"eager\"><\/span><span class=\"fg-image-overlay\"><\/span><\/a><\/figure><div class=\"fg-loader\"><\/div><\/div><div class=\"fg-item fg-type-iframe fg-loaded\"><figure class=\"fg-item-inner\"><a href=\"https:\/\/www.phelippotyves.fr\/2010\/civilisationpluieurbaine.html\" target=\"_blank\" data-attachment-id=\"25622\" data-type=\"iframe\" class=\"fg-thumb\"><span class=\"fg-image-wrap\"><img decoding=\"async\" src=\"https:\/\/www.phelippotyves.fr\/site\/wp-content\/uploads\/cache\/08-2\/74627462.jpg\" width=\"150\" height=\"143\" class=\"skip-lazy fg-image\" loading=\"eager\"><\/span><span class=\"fg-image-overlay\"><\/span><\/a><\/figure><div class=\"fg-loader\"><\/div><\/div><div class=\"fg-item fg-type-iframe fg-loaded\"><figure class=\"fg-item-inner\"><a href=\"https:\/\/www.phelippotyves.fr\/2010\/civilisationrevesengloutis.html\" target=\"_blank\" data-attachment-id=\"25623\" data-type=\"iframe\" class=\"fg-thumb\"><span class=\"fg-image-wrap\"><img decoding=\"async\" src=\"https:\/\/www.phelippotyves.fr\/site\/wp-content\/uploads\/cache\/09-2\/24048296.jpg\" width=\"150\" height=\"143\" class=\"skip-lazy fg-image\" loading=\"eager\"><\/span><span class=\"fg-image-overlay\"><\/span><\/a><\/figure><div class=\"fg-loader\"><\/div><\/div><div class=\"fg-item fg-type-iframe fg-loaded\"><figure class=\"fg-item-inner\"><a href=\"https:\/\/www.phelippotyves.fr\/site\/les-couleurs-dun-monastere\" data-attachment-id=\"25618\" data-type=\"iframe\" class=\"fg-thumb\"><span class=\"fg-image-wrap\"><img decoding=\"async\" src=\"https:\/\/www.phelippotyves.fr\/site\/wp-content\/uploads\/cache\/vignette-couleurs-monastere\/2547377723.jpg\" width=\"150\" height=\"143\" class=\"skip-lazy fg-image\" loading=\"eager\"><\/span><span class=\"fg-image-overlay\"><\/span><\/a><\/figure><div class=\"fg-loader\"><\/div><\/div><div class=\"fg-item fg-type-iframe fg-loaded\"><figure class=\"fg-item-inner\"><a href=\"https:\/\/www.phelippotyves.fr\/actu\/communication.html\" target=\"_blank\" data-attachment-id=\"25624\" data-type=\"iframe\" class=\"fg-thumb\"><span class=\"fg-image-wrap\"><img decoding=\"async\" src=\"https:\/\/www.phelippotyves.fr\/site\/wp-content\/uploads\/cache\/vignette-communication1-1\/1890547662.jpg\" width=\"150\" height=\"143\" class=\"skip-lazy fg-image\" loading=\"eager\"><\/span><span class=\"fg-image-overlay\"><\/span><\/a><\/figure><div class=\"fg-loader\"><\/div><\/div><\/div>\n<\/p>\n<h2>L&#8217;h\u00e9sitation au voyage (tour de la Lanterne La Rochelle, \u00e9t\u00e9 2014)<br \/>\ncollectif Ad Libitum<\/h2>\n<div style=\"width: 480px;\" class=\"wp-video\"><video class=\"wp-video-shortcode\" id=\"video-25619-1\" width=\"480\" height=\"264\" preload=\"metadata\" controls=\"controls\"><source type=\"video\/mp4\" src=\"https:\/\/www.phelippotyves.fr\/site\/wp-content\/uploads\/2014\/06\/adlibitum.mp4?_=1\" \/><a href=\"https:\/\/www.phelippotyves.fr\/site\/wp-content\/uploads\/2014\/06\/adlibitum.mp4\">https:\/\/www.phelippotyves.fr\/site\/wp-content\/uploads\/2014\/06\/adlibitum.mp4<\/a><\/video><\/div>\n<p><a href=\"https:\/\/www.phelippotyves.fr\/site\/expositions-guerre-et-paix\"><strong><br \/>\nExposition Guerre et paix<\/strong><\/a><\/p>\n<p><a href=\"https:\/\/www.phelippotyves.fr\/site\/les-murs-peints\"><strong>Les murs peints de la ville en bois<br \/>\n<\/strong><\/a><\/p>\n<p><a href=\"https:\/\/www.phelippotyves.fr\/java\/pages_internet\/pages_operas\/opera.htm\" target=\"_blank\" rel=\"noopener noreferrer\"><strong>Les op\u00e9ras photographiques europ\u00e9ens<\/strong><\/a><\/p>\n","protected":false},"excerpt":{"rendered":"<p>&nbsp; &nbsp; Civilisation L&#8217;h\u00e9sitation au voyage (tour de la Lanterne La Rochelle, \u00e9t\u00e9 2014) collectif Ad Libitum Exposition Guerre et paix Les murs peints de la ville en bois Les op\u00e9ras photographiques europ\u00e9ens<\/p>\n","protected":false},"author":8,"featured_media":0,"parent":0,"menu_order":0,"comment_status":"closed","ping_status":"closed","template":"","meta":{"footnotes":""},"class_list":["post-25619","page","type-page","status-publish","hentry"],"yoast_head":"<!-- This site is optimized with the Yoast SEO plugin v27.5 - https:\/\/yoast.com\/product\/yoast-seo-wordpress\/ -->\n<title>Yves Phelippot - Photographe La Rochelle<\/title>\n<meta name=\"description\" content=\"Cr\u00e9ations photographiques d\u2019Yves Phelippot : \u0153uvres artistiques entre lumi\u00e8re, paysage et regard contemporain.\" \/>\n<meta name=\"robots\" content=\"index, follow, max-snippet:-1, max-image-preview:large, max-video-preview:-1\" \/>\n<link rel=\"canonical\" href=\"https:\/\/www.phelippotyves.fr\/site\/creations\" \/>\n<meta property=\"og:locale\" content=\"fr_FR\" \/>\n<meta property=\"og:type\" content=\"article\" \/>\n<meta property=\"og:title\" content=\"Yves Phelippot - Photographe La Rochelle\" \/>\n<meta property=\"og:description\" content=\"Cr\u00e9ations photographiques d\u2019Yves Phelippot : \u0153uvres artistiques entre lumi\u00e8re, paysage et regard contemporain.\" \/>\n<meta property=\"og:url\" content=\"https:\/\/www.phelippotyves.fr\/site\/creations\" \/>\n<meta property=\"article:publisher\" content=\"https:\/\/www.facebook.com\/yves.phelippot\" \/>\n<meta property=\"article:modified_time\" content=\"2026-05-09T07:08:56+00:00\" \/>\n<meta name=\"twitter:label1\" content=\"Dur\u00e9e de lecture estim\u00e9e\" \/>\n\t<meta name=\"twitter:data1\" content=\"1 minute\" \/>\n<script type=\"application\/ld+json\" class=\"yoast-schema-graph\">{\"@context\":\"https:\\\/\\\/schema.org\",\"@graph\":[{\"@type\":\"WebPage\",\"@id\":\"https:\\\/\\\/www.phelippotyves.fr\\\/site\\\/creations\",\"url\":\"https:\\\/\\\/www.phelippotyves.fr\\\/site\\\/creations\",\"name\":\"Yves Phelippot - Photographe La Rochelle\",\"isPartOf\":{\"@id\":\"https:\\\/\\\/www.phelippotyves.fr\\\/site\\\/#website\"},\"datePublished\":\"2026-05-08T07:49:35+00:00\",\"dateModified\":\"2026-05-09T07:08:56+00:00\",\"description\":\"Cr\u00e9ations photographiques d\u2019Yves Phelippot : \u0153uvres artistiques entre lumi\u00e8re, paysage et regard contemporain.\",\"breadcrumb\":{\"@id\":\"https:\\\/\\\/www.phelippotyves.fr\\\/site\\\/creations#breadcrumb\"},\"inLanguage\":\"fr-FR\",\"potentialAction\":[{\"@type\":\"ReadAction\",\"target\":[\"https:\\\/\\\/www.phelippotyves.fr\\\/site\\\/creations\"]}]},{\"@type\":\"BreadcrumbList\",\"@id\":\"https:\\\/\\\/www.phelippotyves.fr\\\/site\\\/creations#breadcrumb\",\"itemListElement\":[{\"@type\":\"ListItem\",\"position\":1,\"name\":\"Home\",\"item\":\"https:\\\/\\\/www.phelippotyves.fr\\\/site\"},{\"@type\":\"ListItem\",\"position\":2,\"name\":\"Cr\u00e9ations\"}]},{\"@type\":\"WebSite\",\"@id\":\"https:\\\/\\\/www.phelippotyves.fr\\\/site\\\/#website\",\"url\":\"https:\\\/\\\/www.phelippotyves.fr\\\/site\\\/\",\"name\":\"Yves Phelippot | photographe La Rochelle\",\"description\":\"\",\"potentialAction\":[{\"@type\":\"SearchAction\",\"target\":{\"@type\":\"EntryPoint\",\"urlTemplate\":\"https:\\\/\\\/www.phelippotyves.fr\\\/site\\\/?s={search_term_string}\"},\"query-input\":{\"@type\":\"PropertyValueSpecification\",\"valueRequired\":true,\"valueName\":\"search_term_string\"}}],\"inLanguage\":\"fr-FR\"}]}<\/script>\n<!-- \/ Yoast SEO plugin. -->","yoast_head_json":{"title":"Yves Phelippot - Photographe La Rochelle","description":"Cr\u00e9ations photographiques d\u2019Yves Phelippot : \u0153uvres artistiques entre lumi\u00e8re, paysage et regard contemporain.","robots":{"index":"index","follow":"follow","max-snippet":"max-snippet:-1","max-image-preview":"max-image-preview:large","max-video-preview":"max-video-preview:-1"},"canonical":"https:\/\/www.phelippotyves.fr\/site\/creations","og_locale":"fr_FR","og_type":"article","og_title":"Yves Phelippot - Photographe La Rochelle","og_description":"Cr\u00e9ations photographiques d\u2019Yves Phelippot : \u0153uvres artistiques entre lumi\u00e8re, paysage et regard contemporain.","og_url":"https:\/\/www.phelippotyves.fr\/site\/creations","article_publisher":"https:\/\/www.facebook.com\/yves.phelippot","article_modified_time":"2026-05-09T07:08:56+00:00","twitter_misc":{"Dur\u00e9e de lecture estim\u00e9e":"1 minute"},"schema":{"@context":"https:\/\/schema.org","@graph":[{"@type":"WebPage","@id":"https:\/\/www.phelippotyves.fr\/site\/creations","url":"https:\/\/www.phelippotyves.fr\/site\/creations","name":"Yves Phelippot - Photographe La Rochelle","isPartOf":{"@id":"https:\/\/www.phelippotyves.fr\/site\/#website"},"datePublished":"2026-05-08T07:49:35+00:00","dateModified":"2026-05-09T07:08:56+00:00","description":"Cr\u00e9ations photographiques d\u2019Yves Phelippot : \u0153uvres artistiques entre lumi\u00e8re, paysage et regard contemporain.","breadcrumb":{"@id":"https:\/\/www.phelippotyves.fr\/site\/creations#breadcrumb"},"inLanguage":"fr-FR","potentialAction":[{"@type":"ReadAction","target":["https:\/\/www.phelippotyves.fr\/site\/creations"]}]},{"@type":"BreadcrumbList","@id":"https:\/\/www.phelippotyves.fr\/site\/creations#breadcrumb","itemListElement":[{"@type":"ListItem","position":1,"name":"Home","item":"https:\/\/www.phelippotyves.fr\/site"},{"@type":"ListItem","position":2,"name":"Cr\u00e9ations"}]},{"@type":"WebSite","@id":"https:\/\/www.phelippotyves.fr\/site\/#website","url":"https:\/\/www.phelippotyves.fr\/site\/","name":"Yves Phelippot | photographe La Rochelle","description":"","potentialAction":[{"@type":"SearchAction","target":{"@type":"EntryPoint","urlTemplate":"https:\/\/www.phelippotyves.fr\/site\/?s={search_term_string}"},"query-input":{"@type":"PropertyValueSpecification","valueRequired":true,"valueName":"search_term_string"}}],"inLanguage":"fr-FR"}]}},"_links":{"self":[{"href":"https:\/\/www.phelippotyves.fr\/site\/wp-json\/wp\/v2\/pages\/25619","targetHints":{"allow":["GET"]}}],"collection":[{"href":"https:\/\/www.phelippotyves.fr\/site\/wp-json\/wp\/v2\/pages"}],"about":[{"href":"https:\/\/www.phelippotyves.fr\/site\/wp-json\/wp\/v2\/types\/page"}],"author":[{"embeddable":true,"href":"https:\/\/www.phelippotyves.fr\/site\/wp-json\/wp\/v2\/users\/8"}],"replies":[{"embeddable":true,"href":"https:\/\/www.phelippotyves.fr\/site\/wp-json\/wp\/v2\/comments?post=25619"}],"version-history":[{"count":9,"href":"https:\/\/www.phelippotyves.fr\/site\/wp-json\/wp\/v2\/pages\/25619\/revisions"}],"predecessor-version":[{"id":25636,"href":"https:\/\/www.phelippotyves.fr\/site\/wp-json\/wp\/v2\/pages\/25619\/revisions\/25636"}],"wp:attachment":[{"href":"https:\/\/www.phelippotyves.fr\/site\/wp-json\/wp\/v2\/media?parent=25619"}],"curies":[{"name":"wp","href":"https:\/\/api.w.org\/{rel}","templated":true}]}}