{"id":947,"date":"2010-08-05T10:38:35","date_gmt":"2010-08-05T08:38:35","guid":{"rendered":"https:\/\/www.phelippotyves.fr\/site"},"modified":"2023-04-17T12:22:52","modified_gmt":"2023-04-17T10:22:52","slug":"voyages-photographiques","status":"publish","type":"page","link":"https:\/\/www.phelippotyves.fr\/site\/voyages-photographiques","title":{"rendered":"Voyages photographiques"},"content":{"rendered":"<p><span style=\"color: #000000;\"><strong>Nouvelles s\u00e9ries<br \/>\n<\/strong><\/span><\/p>\n<p><a href=\"https:\/\/www.phelippotyves.fr\/site\/nouvelle-zelande\"><img loading=\"lazy\" decoding=\"async\" class=\"alignnone wp-image-15817 size-full\" src=\"https:\/\/www.phelippotyves.fr\/site\/wp-content\/uploads\/NELLE-ZELANDE-2019.jpg\" alt=\"\" width=\"150\" height=\"143\"><\/a><\/p>\n<p><a href=\"https:\/\/www.phelippotyves.fr\/2014\/alpes\/alpes.html\" target=\"_blank\" rel=\"noopener noreferrer\"><img loading=\"lazy\" decoding=\"async\" class=\"alignleft wp-image-7627\" src=\"https:\/\/www.phelippotyves.fr\/site\/wp-content\/uploads\/2010\/08\/alpes.jpg\" alt=\"images_en_expansion\" width=\"200\" height=\"95\"><\/a> <a href=\"https:\/\/www.phelippotyves.fr\/2014\/normandie\/normandie.html\" target=\"_blank\" rel=\"noopener noreferrer\"><img loading=\"lazy\" decoding=\"async\" class=\"alignleft wp-image-7628\" src=\"https:\/\/www.phelippotyves.fr\/site\/wp-content\/uploads\/2010\/08\/normandie.jpg\" alt=\"normandie\" width=\"200\" height=\"95\"><\/a><\/p>\n<p><a href=\"https:\/\/www.phelippotyves.fr\/2014\/region\/region.html\" target=\"_blank\" rel=\"noopener noreferrer\"><img loading=\"lazy\" decoding=\"async\" class=\"alignleft wp-image-7632\" src=\"https:\/\/www.phelippotyves.fr\/site\/wp-content\/uploads\/2010\/08\/paysages.jpg\" alt=\"paysages\" width=\"200\" height=\"95\"><\/a> <a href=\"https:\/\/www.phelippotyves.fr\/2014\/trains\/trains.html\" target=\"_blank\" rel=\"noopener noreferrer\"><img loading=\"lazy\" decoding=\"async\" class=\"alignleft wp-image-7634\" src=\"https:\/\/www.phelippotyves.fr\/site\/wp-content\/uploads\/2010\/08\/trains.jpg\" alt=\"trains\" width=\"200\" height=\"95\"><\/a><\/p>\n<p><a href=\"https:\/\/www.phelippotyves.fr\/2014\/rome\/rome.html\" target=\"_blank\" rel=\"noopener noreferrer\"><img loading=\"lazy\" decoding=\"async\" class=\"alignleft wp-image-7633\" src=\"https:\/\/www.phelippotyves.fr\/site\/wp-content\/uploads\/2010\/08\/rome.jpg\" alt=\"rome\" width=\"200\" height=\"95\"><\/a> <a href=\"https:\/\/www.phelippotyves.fr\/2014\/vatican\/vatican.html\" target=\"_blank\" rel=\"noopener noreferrer\"><img loading=\"lazy\" decoding=\"async\" class=\"alignleft wp-image-7635\" src=\"https:\/\/www.phelippotyves.fr\/site\/wp-content\/uploads\/2010\/08\/vatican.jpg\" alt=\"vatican\" width=\"200\" height=\"95\"><\/a><\/p>\n<p>&nbsp;<\/p>\n<p>&nbsp;<\/p>\n<p>&nbsp;<\/p>\n<p>&nbsp;<\/p>\n<p>&nbsp;<\/p>\n<p>&nbsp;<\/p>\n<p>&nbsp;<\/p>\n<p>&nbsp;<\/p>\n<p><span style=\"color: #000000;\"><strong>USA parcs des Rocheuses<br \/>\n<a href=\"https:\/\/www.phelippotyves.fr\/site\/durango-silverton\" target=\"\" rel=\"noopener noreferrer\"><br \/>\n<img loading=\"lazy\" decoding=\"async\" src=\"https:\/\/www.phelippotyves.fr\/site\/wp-content\/uploads\/image\/voyages photographiques\/rocheuses\/Durango mosa\u00efque.jpg\" alt=\"\" width=\"150\" height=\"143\"><\/a><\/strong><\/span> <a href=\"https:\/\/www.phelippotyves.fr\/site\/les-grands-parcs\"><img loading=\"lazy\" decoding=\"async\" src=\"https:\/\/www.phelippotyves.fr\/site\/wp-content\/uploads\/image\/voyages photographiques\/rocheuses\/Grands Parcs mosa\u00efque.jpg\" alt=\"\" width=\"150\" height=\"143\"><\/a> <a href=\"https:\/\/www.phelippotyves.fr\/site\/les-habitants\"><img loading=\"lazy\" decoding=\"async\" src=\"https:\/\/www.phelippotyves.fr\/site\/wp-content\/uploads\/image\/voyages photographiques\/rocheuses\/Habitants mosa\u00efque.jpg\" alt=\"\" width=\"150\" height=\"143\"><\/a> <a href=\"https:\/\/www.phelippotyves.fr\/site\/le-long-de-la-route\"><img loading=\"lazy\" decoding=\"async\" src=\"https:\/\/www.phelippotyves.fr\/site\/wp-content\/uploads\/image\/voyages photographiques\/rocheuses\/Au long de la route mosa\u00efque.jpg\" alt=\"\" width=\"150\" height=\"143\"><\/a> <a href=\"https:\/\/www.phelippotyves.fr\/site\/mesa-verde-et-chelly\"><img loading=\"lazy\" decoding=\"async\" src=\"https:\/\/www.phelippotyves.fr\/site\/wp-content\/uploads\/image\/voyages photographiques\/rocheuses\/Mesa Verde Chelly mosa\u00efque.jpg\" alt=\"\" width=\"150\" height=\"143\"><\/a><\/p>\n<p><a href=\"https:\/\/www.phelippotyves.fr\/site\/pays-navajo\"><img loading=\"lazy\" decoding=\"async\" src=\"https:\/\/www.phelippotyves.fr\/site\/wp-content\/uploads\/image\/voyages photographiques\/rocheuses\/Pays Navajo mosa\u00efque.jpg\" alt=\"\" width=\"150\" height=\"143\"><\/a> <a href=\"https:\/\/www.phelippotyves.fr\/pagesusa2012\/pagearches\/pagearches.html\" target=\"_blank\" rel=\"noopener noreferrer\"> <img loading=\"lazy\" decoding=\"async\" src=\"https:\/\/www.phelippotyves.fr\/site\/wp-content\/uploads\/image\/voyages photographiques\/rocheuses\/Pano Arches.jpg\" alt=\"\" width=\"150\" height=\"143\"><\/a> <a href=\"https:\/\/www.phelippotyves.fr\/pagesusa2012\/pagecanyon\/pagecanyon.html\" target=\"_blank\" rel=\"noopener noreferrer\"><img loading=\"lazy\" decoding=\"async\" src=\"https:\/\/www.phelippotyves.fr\/site\/wp-content\/uploads\/image\/voyages photographiques\/rocheuses\/Pano Canyonland.jpg\" alt=\"\" width=\"150\" height=\"143\"><\/a> <a href=\"https:\/\/www.phelippotyves.fr\/pagesusa2012\/pagecolorado\/pagecolorado.html\" target=\"_blank\" rel=\"noopener noreferrer\"><img loading=\"lazy\" decoding=\"async\" src=\"https:\/\/www.phelippotyves.fr\/site\/wp-content\/uploads\/image\/voyages photographiques\/rocheuses\/Colorado panoramique.jpg\" alt=\"\" width=\"150\" height=\"143\"><\/a> <a href=\"https:\/\/www.phelippotyves.fr\/pagesusa2012\/pagepanoramique\/pagepanoramique.html\" target=\"_blank\" rel=\"noopener noreferrer\"><img loading=\"lazy\" decoding=\"async\" src=\"https:\/\/www.phelippotyves.fr\/site\/wp-content\/uploads\/image\/voyages photographiques\/rocheuses\/les parcs panoramiques.jpg\" alt=\"\" width=\"150\" height=\"143\"><\/a><br \/>\n<a href=\"https:\/\/www.phelippotyves.fr\/pagesusa2012\/pagetableau\/pagetableau.html\" target=\"_blank\" rel=\"noopener noreferrer\"><img loading=\"lazy\" decoding=\"async\" src=\"https:\/\/www.phelippotyves.fr\/site\/wp-content\/uploads\/image\/voyages photographiques\/rocheuses\/Tableaux panoramique.jpg\" alt=\"\" width=\"150\" height=\"143\"><\/a> <a href=\"https:\/\/www.phelippotyves.fr\/pagesusa2012\/pageyellowstone\/pageyellowstone.html\" target=\"_blank\" rel=\"noopener noreferrer\"><img loading=\"lazy\" decoding=\"async\" src=\"https:\/\/www.phelippotyves.fr\/site\/wp-content\/uploads\/image\/voyages photographiques\/rocheuses\/Yellowstone panoramique.jpg\" alt=\"\" width=\"150\" height=\"143\"><\/a><\/p>\n<p><span style=\"color: #000000;\"><strong>De fort Boyard \u00e0 Fouras<br \/>\n<a href=\"https:\/\/www.phelippotyves.fr\/pagesbf\/deboyardafouras.html\" target=\"_blank\" rel=\"noopener noreferrer\"><img loading=\"lazy\" decoding=\"async\" src=\"https:\/\/www.phelippotyves.fr\/site\/wp-content\/uploads\/image\/voyages photographiques\/fou.jpg\" alt=\"\" width=\"150\" height=\"143\"><\/a><\/strong><\/span><\/p>\n<p><span style=\"color: #000000;\"><strong>Sicile 2008<br \/>\n<a href=\"https:\/\/www.phelippotyves.fr\/pagespalerme\/palerme.html\" target=\"_blank\" rel=\"noopener noreferrer\"><img loading=\"lazy\" decoding=\"async\" src=\"https:\/\/www.phelippotyves.fr\/site\/wp-content\/uploads\/image\/voyages photographiques\/palerme.jpg\" alt=\"\" width=\"150\" height=\"143\"><\/a> <a href=\"https:\/\/www.phelippotyves.fr\/pagespalerme\/palermesuite.html\" target=\"_blank\" rel=\"noopener noreferrer\"><img loading=\"lazy\" decoding=\"async\" src=\"https:\/\/www.phelippotyves.fr\/site\/wp-content\/uploads\/image\/voyages photographiques\/palermevu.jpg\" alt=\"\" width=\"150\" height=\"143\"><\/a> <a href=\"https:\/\/www.phelippotyves.fr\/pagesnoto\/noto.html\" target=\"_blank\" rel=\"noopener noreferrer\"><img loading=\"lazy\" decoding=\"async\" src=\"https:\/\/www.phelippotyves.fr\/site\/wp-content\/uploads\/image\/voyages photographiques\/noto.jpg\" alt=\"\" width=\"150\" height=\"143\"><\/a><\/strong><\/span><\/p>\n<p><span style=\"color: #000000;\"><strong>Lyon f\u00eate des lumi\u00e8res 2009<\/strong><\/span><br \/>\n<a href=\"https:\/\/www.phelippotyves.fr\/2009\/lyon01_2009\/lyon.html\" target=\"_blank\" rel=\"noopener noreferrer\"><img loading=\"lazy\" decoding=\"async\" src=\"https:\/\/www.phelippotyves.fr\/site\/wp-content\/uploads\/image\/creations\/lyon\/10.jpg\" alt=\"\" width=\"150\" height=\"143\"><\/a> <a href=\"https:\/\/www.phelippotyves.fr\/2009\/lyon02_2009\/lyon.html\" target=\"_blank\" rel=\"noopener noreferrer\"><img loading=\"lazy\" decoding=\"async\" src=\"https:\/\/www.phelippotyves.fr\/site\/wp-content\/uploads\/image\/creations\/lyon\/11.jpg\" alt=\"\" width=\"150\" height=\"143\"><\/a> <a href=\"https:\/\/www.phelippotyves.fr\/2009\/lyon03_2009\/lyon.html\" target=\"_blank\" rel=\"noopener noreferrer\"><img loading=\"lazy\" decoding=\"async\" src=\"https:\/\/www.phelippotyves.fr\/site\/wp-content\/uploads\/image\/creations\/lyon\/12.jpg\" alt=\"\" width=\"150\" height=\"143\"><\/a><\/p>\n<p><span style=\"color: #000000;\"><strong>Lyon f\u00eate des lumi\u00e8res 2007<br \/>\n<a href=\"https:\/\/www.phelippotyves.fr\/pageslyonlumieres\/fetedeslumieres.html\" target=\"_blank\" rel=\"noopener noreferrer\"><img loading=\"lazy\" decoding=\"async\" src=\"https:\/\/www.phelippotyves.fr\/site\/wp-content\/uploads\/image\/voyages photographiques\/lyon.jpg\" alt=\"\" width=\"150\" height=\"143\"><\/a><\/strong><\/span><\/p>\n<p><span style=\"color: #000000;\"><strong>Les tableaux de l&#8217;ouest am\u00e9ricain<\/strong><\/span><br \/>\n<a href=\"https:\/\/www.phelippotyves.fr\/pagesusa\/ouestusa\/ouestusa.html\" target=\"_blank\" rel=\"noopener noreferrer\"><img loading=\"lazy\" decoding=\"async\" src=\"https:\/\/www.phelippotyves.fr\/site\/wp-content\/uploads\/image\/voyages photographiques\/ouest.jpg\" alt=\"\" width=\"150\" height=\"143\"><\/a><\/p>\n<p><span style=\"color: #000000;\"><strong>Sibiu capitale Europ\u00e9enne de la culture 2006<\/strong><\/span><br \/>\n<a href=\"https:\/\/www.phelippotyves.fr\/pagessibiu\/galerie1.html\" target=\"_blank\" rel=\"noopener noreferrer\"><img loading=\"lazy\" decoding=\"async\" src=\"https:\/\/www.phelippotyves.fr\/site\/wp-content\/uploads\/image\/voyages photographiques\/17.jpg\" alt=\"\" width=\"150\" height=\"143\"><\/a> <a href=\"https:\/\/www.phelippotyves.fr\/pagessibiu\/galerie2.html\" target=\"_blank\" rel=\"noopener noreferrer\"><img loading=\"lazy\" decoding=\"async\" src=\"https:\/\/www.phelippotyves.fr\/site\/wp-content\/uploads\/image\/voyages photographiques\/18.jpg\" alt=\"\" width=\"150\" height=\"143\"><\/a><\/p>\n<p><span style=\"color: #000000;\"><strong>Visions roumaines<\/strong><\/span><br \/>\n<a href=\"https:\/\/www.phelippotyves.fr\/pagessibiu\/galerie3.html\" target=\"_blank\" rel=\"noopener noreferrer\"><img loading=\"lazy\" decoding=\"async\" src=\"https:\/\/www.phelippotyves.fr\/site\/wp-content\/uploads\/image\/voyages photographiques\/vr1.jpg\" alt=\"\" width=\"150\" height=\"143\"><\/a> <a href=\"https:\/\/www.phelippotyves.fr\/pagessibiu\/galerie4.html\" target=\"_blank\" rel=\"noopener noreferrer\"><img loading=\"lazy\" decoding=\"async\" src=\"https:\/\/www.phelippotyves.fr\/site\/wp-content\/uploads\/image\/voyages photographiques\/vr2.jpg\" alt=\"\" width=\"150\" height=\"143\"><\/a><\/p>\n<p><span style=\"color: #000000;\"><strong>Invitation au Mont Athos<\/strong><\/span><br \/>\n<a href=\"https:\/\/www.phelippotyves.fr\/pagesathos\/galerie.html\" target=\"_blank\" rel=\"noopener noreferrer\"><img loading=\"lazy\" decoding=\"async\" src=\"https:\/\/www.phelippotyves.fr\/site\/wp-content\/uploads\/image\/voyages photographiques\/athos.jpg\" alt=\"\" width=\"150\" height=\"143\"><\/a><\/p>\n<p><span style=\"color: #000000;\"><strong>Le sud des rocheuses USA 2006<\/strong><\/span><br \/>\n<a href=\"https:\/\/www.phelippotyves.fr\/pagesusa\/brycecanyon.html\" target=\"_blank\" rel=\"noopener noreferrer\"><img loading=\"lazy\" decoding=\"async\" src=\"https:\/\/www.phelippotyves.fr\/site\/wp-content\/uploads\/image\/voyages photographiques\/21.jpg\" alt=\"\" width=\"150\" height=\"143\"><\/a> <a href=\"https:\/\/www.phelippotyves.fr\/pagesusa\/monumentvalley.html\" target=\"_blank\" rel=\"noopener noreferrer\"><img loading=\"lazy\" decoding=\"async\" src=\"https:\/\/www.phelippotyves.fr\/site\/wp-content\/uploads\/image\/voyages photographiques\/monuval.jpg\" alt=\"\" width=\"150\" height=\"143\"><\/a> <a href=\"https:\/\/www.phelippotyves.fr\/pagesusa\/reserve.html\" target=\"_blank\" rel=\"noopener noreferrer\"><img loading=\"lazy\" decoding=\"async\" src=\"https:\/\/www.phelippotyves.fr\/site\/wp-content\/uploads\/image\/voyages photographiques\/reserve.jpg\" alt=\"\" width=\"150\" height=\"143\"><\/a>&nbsp; <a href=\"https:\/\/www.phelippotyves.fr\/pagesusa\/lasvegas.html\" target=\"_blank\" rel=\"noopener noreferrer\"><img loading=\"lazy\" decoding=\"async\" src=\"https:\/\/www.phelippotyves.fr\/site\/wp-content\/uploads\/image\/voyages photographiques\/24.jpg\" alt=\"\" width=\"150\" height=\"143\"><\/a><\/p>\n","protected":false},"excerpt":{"rendered":"<p>Nouvelles s\u00e9ries &nbsp; &nbsp; &nbsp; &nbsp; &nbsp; &nbsp; &nbsp; &nbsp; USA parcs des Rocheuses De fort Boyard \u00e0 Fouras Sicile 2008 Lyon f\u00eate des lumi\u00e8res 2009 Lyon f\u00eate des lumi\u00e8res 2007 Les tableaux de l&#8217;ouest am\u00e9ricain Sibiu capitale Europ\u00e9enne de &hellip; <a href=\"https:\/\/www.phelippotyves.fr\/site\/voyages-photographiques\">Lire la suite <span class=\"meta-nav\">&rarr;<\/span><\/a><\/p>\n","protected":false},"author":8,"featured_media":0,"parent":0,"menu_order":0,"comment_status":"closed","ping_status":"closed","template":"","meta":{"footnotes":""},"_links":{"self":[{"href":"https:\/\/www.phelippotyves.fr\/site\/wp-json\/wp\/v2\/pages\/947"}],"collection":[{"href":"https:\/\/www.phelippotyves.fr\/site\/wp-json\/wp\/v2\/pages"}],"about":[{"href":"https:\/\/www.phelippotyves.fr\/site\/wp-json\/wp\/v2\/types\/page"}],"author":[{"embeddable":true,"href":"https:\/\/www.phelippotyves.fr\/site\/wp-json\/wp\/v2\/users\/8"}],"replies":[{"embeddable":true,"href":"https:\/\/www.phelippotyves.fr\/site\/wp-json\/wp\/v2\/comments?post=947"}],"version-history":[{"count":2,"href":"https:\/\/www.phelippotyves.fr\/site\/wp-json\/wp\/v2\/pages\/947\/revisions"}],"predecessor-version":[{"id":17144,"href":"https:\/\/www.phelippotyves.fr\/site\/wp-json\/wp\/v2\/pages\/947\/revisions\/17144"}],"wp:attachment":[{"href":"https:\/\/www.phelippotyves.fr\/site\/wp-json\/wp\/v2\/media?parent=947"}],"curies":[{"name":"wp","href":"https:\/\/api.w.org\/{rel}","templated":true}]}}